at is the highest common divisor of 10965660 and 2052?
228
Calculate the highest common divisor of 76 and 5348204.
4
What is the greatest common factor of 151702 and 378504?
1502
Calculate the greatest common factor of 43452947 and 44989.
6427
Calculate the greatest common divisor of 3008403 and 171.
171
What is the highest common divisor of 54648 and 1218195?
2277
What is the highest common factor of 113365 and 609055?
205
What is the highest common divisor of 1118587130 and 2186?
2186
What is the highest common factor of 754125252 and 12?
12
Calculate the greatest common factor of 43492648 and 20776.
424
What is the highest common divisor of 452824 and 3592?
8
What is the highest common divisor of 54 and 264691719?
27
What is the highest common divisor of 671528 and 7436?
572
Calculate the highest common factor of 962621 and 176.
11
What is the greatest common divisor of 9 and 452914515?
9
What is the greatest common factor of 3633 and 2457861?
21
What is the highest common divisor of 126 and 16684182?
18
Calculate the greatest common factor of 8413 and 2175207.
47
Calculate the highest common factor of 2506270 and 59995.
845
Calculate the highest common divisor of 380 and 119982948.
76
What is the highest common divisor of 53473750 and 8750?
1250
Calculate the greatest common factor of 552 and 52682466.
138
What is the greatest common divisor of 224659 and 471701?
829
What is the highest common divisor of 158152 and 160?
8
What is the highest common divisor of 9142592 and 1104?
368
Calculate the greatest common factor of 2376833 and 350665.
233
Calculate the greatest common divisor of 3316 and 12755823.
829
Calculate the greatest common divisor of 3402 and 1855602.
378
Calculate the greatest common factor of 131 and 3963274.
131
What is the highest common factor of 403 and 10508030?
13
What is the greatest common factor of 34702004 and 148?
148
Calculate the greatest common factor of 45628 and 474991.
11
What is the highest common divisor of 73451991 and 531?
177
What is the highest common divisor of 575766 and 289536?
174
Calculate the greatest common factor of 117 and 6986655.
117
Calculate the greatest common divisor of 55427997 and 190.
19
Calculate the greatest common factor of 1212 and 1256430102.
606
Calculate the greatest common factor of 20964114 and 939.
939
What is the greatest common factor of 630 and 3963?
3
What is the highest common factor of 179422044 and 41148?
1524
What is the highest common divisor of 1650635 and 18305?
35
What is the highest common factor of 4680 and 2955960?
360
What is the greatest common factor of 2541 and 1082067?
21
What is the highest common factor of 2011083953 and 773?
773
Calculate the highest common divisor of 1024 and 4100032.
64
Calculate the greatest common factor of 136387 and 11020.
29
What is the greatest common factor of 39159 and 6527187?
2061
Calculate the greatest common factor of 88 and 224467056.
88
What is the highest common factor of 1566045 and 68679?
117
Calculate the highest common divisor of 256 and 1966812.
4
Calculate the greatest common factor of 9584008 and 24748.
92
Calculate the greatest common factor of 204074247 and 754.
377
Calculate the greatest common divisor of 3451833 and 12529.
187
Calculate the greatest common factor of 100425 and 97953.
309
Calculate the greatest common factor of 201468 and 432276.
1956
Calculate the greatest common divisor of 1017773 and 393737.
7429
What is the highest common divisor of 71498447 and 737?
67
What is the highest common factor of 28873602 and 2070?
414
What is the highest common factor of 1909 and 20171?
23
What is the highest common divisor of 837384867 and 66?
33
Calculate the greatest common factor of 630 and 2574306.
126
Calculate the greatest common divisor of 467050752 and 2364.
2364
What is the highest common factor of 42579624 and 138?
138
What is the highest common factor of 432197 and 61087?
37
What is the greatest common factor of 27097 and 3526040?
343
Calculate the highest common divisor of 11840 and 960039.
37
Calculate the greatest common divisor of 829218 and 177294.
78
Calculate the greatest common divisor of 1877368 and 611.
47
Calculate the greatest common factor of 16500725 and 150.
25
What is the highest common divisor of 7011 and 8376587?
779
Calculate the highest common factor of 3192 and 1805.
19
Calculate the highest common factor of 18034809 and 78.
39
What is the highest common factor of 1538562 and 39?
3
What is the greatest common factor of 21 and 774403?
7
Calculate the greatest common factor of 24 and 876840.
24
Calculate the highest common factor of 12205617 and 1587.
1587
What is the greatest common factor of 96 and 10985244?
12
Calculate the greatest common factor of 7090 and 211930.
10
What is the highest common divisor of 366 and 390409638?
366
Calculate the greatest common divisor of 4136 and 408242846.
1034
Calculate the highest common divisor of 112 and 27406904.
56
What is the greatest common factor of 2427084 and 2422998?
4086
Calculate the highest common factor of 49752812 and 12036.
4012
What is the greatest common factor of 30810 and 147414000?
2370
Calculate the highest common factor of 38 and 40374734.
38
What is the greatest common divisor of 24944741 and 229?
229
Calculate the highest common factor of 3231105 and 413355.
255
Calculate the highest common divisor of 768 and 12433812.
12
What is the highest common factor of 35567817 and 405294?
6537
Calculate the greatest common divisor of 902212 and 5452.
188
Calculate the highest common divisor of 38 and 281480193.
19
What is the greatest common factor of 3598506 and 5038?
458
Calculate the highest common divisor of 16114851 and 441.
9
Calculate the highest common divisor of 25297424 and 256.
16
Calculate the highest common factor of 15795 and 37993995.
1755
What is the greatest common factor of 1497732453 and 2443?
2443
Calculate the greatest common divisor of 632998080 and 1760.
1760
What is the highest common factor of 28056962 and 25694?
886
What is the highest common divisor of 711 and 2829543?
237
Calculate the greatest common factor of 13920 and 53376240.
6960
What is the highest common divisor of 71 and 27017843?
71
What is the greatest common divisor of 160 and 31814240?
160
Calculate the greatest common divisor of 2773 and 62416.
47
Calculate the greatest common factor of 9510975 and 900.
225
Calculate the highest common factor of 261 and 765117.
9
Calculate the greatest common divisor of 429 and 4049175.
39
What is the greatest common divisor of 5 and 28657625?
5
Calculate the highest common divisor of 147 and 379351679.
49
What is the highest common factor of 9309098 and 238?
34
Calculate the highest common divisor of 360319596 and 117.
39
Calculate the highest common divisor of 9412780 and 416.
52
What is the greatest common factor of 16227 and 96183?
9
Calculate the greatest common divisor of 8760 and 3414615.
15
What is the highest common factor of 85957492 and 4?
4
Calculate the greatest common divisor of 244335 and 2511600.
1365
Calculate the highest common divisor of 3122379 and 1149.
3
Calculate the greatest common factor of 129 and 4292647.
43
Calculate the highest common factor of 1629 and 84255681.
543
What is the greatest common factor of 9526475 and 2800?
175
Calculate the greatest common factor of 5 and 4500985.
5
Calculate the highest common divisor of 18076016 and 6024.
2008
What is the highest common factor of 66510 and 29790?
90
Calculate the greatest common factor of 21 and 38125934.
7
Calculate the highest common factor of 1448 and 50881634.
362
Calculate the highest common factor of 41520 and 187366785.
2595
What is the greatest common divisor of 46976245 and 5?
5
What is the highest common factor of 13027 and 21548519?
1861
What is the highest common divisor of 1876164305 and 4838?
2419
Calculate the highest common factor of 32 and 18195232.
32
What is the highest common divisor of 3468 and 657792033?
867
Calculate the highest common divisor of 2530 and 267893230.
110
Calculate the greatest common factor of 37 and 348406911.
37
What is the greatest common divisor of 119518441 and 4011?
1337
What is the greatest common divisor of 2356147 and 4428?
41
What is the greatest common factor of 10350 an